{"id":352,"date":"2014-03-07T21:23:27","date_gmt":"2014-03-07T21:23:27","guid":{"rendered":"http:\/\/afu.techtalks.de\/?page_id=352"},"modified":"2014-03-07T21:23:27","modified_gmt":"2014-03-07T21:23:27","slug":"z-diplom","status":"publish","type":"page","link":"http:\/\/afu.techtalks.de\/?page_id=352","title":{"rendered":"Z-Diplom"},"content":{"rendered":"<h3><em><a href=\"http:\/\/afu.techtalks.de\/wp-content\/uploads\/2012\/06\/postmeister_blank.jpg\"><img loading=\"lazy\" decoding=\"async\" class=\"alignleft\" title=\"postmeister_blank\" alt=\"\" src=\"http:\/\/afu.techtalks.de\/wp-content\/uploads\/2012\/06\/postmeister_blank-211x300.jpg\" width=\"152\" height=\"217\" \/><\/a>Originalausschreibung:<\/em><\/h3>\n<p>Anl\u00e4\u00dflich seines 5-j\u00e4hrigen Bestehens gibt der VFDB-Ortsverband Regensburg\u00a0 &#8211;\u00a0 DOK Z16\u00a0 &#8211;\u00a0 dieses Diplom an alle lizenzierten Funkamateure und SWLs f\u00fcr Kontakte mit VFDB-Mitgliedern nach dem 1. Januar 1983 heraus.<\/p>\n<p>Es m\u00fcssen <em><strong>16 Punkt<\/strong>e<\/em> erreicht werden.<\/p>\n<h4>Punktewertung:<\/h4>\n<p>Stationen mit dem DOK Z16 z\u00e4hlen 2 Punkte.<\/p>\n<p>Stationen mit anderen Z-DOKs z\u00e4hlen je 1 Punkt.<\/p>\n<p><img decoding=\"async\" title=\"Weiterlesen \u2026\" alt=\"\" src=\"http:\/\/afu.techtalks.de\/wp-includes\/js\/tinymce\/plugins\/wordpress\/img\/trans.gif\" \/><\/p>\n<h4>Je Band bzw. Bereich gibt es folgende Multiplikatoren:<\/h4>\n<p>Kurzwelle : DL x 1 ; EU x 2 ; DX x 4<\/p>\n<p>144 MHz und 430 MHz x 2<\/p>\n<p>1240 MHz und dar\u00fcber x 4<\/p>\n<h4>Die geforderten 16 Punkte k\u00f6nnen erreicht werden durch :<\/h4>\n<p><strong>Eine<\/strong> Verbindung mit Z16. Die weiteren mit mindestens <strong>2 verschiedenen Z-DOKs<\/strong> oder <strong>mindestens 12 Punkte von Z 16<\/strong> und die weiteren k\u00f6nnen nur von einem Z-DOK sein. Bei Verbindungen mit VFDB-Clubstationen gibt es einen Bonus von zus\u00e4tzlich 2 Punkten. Eine Verbindung mit VFDB-YL-Stationen bringt einen Bonus von zus\u00e4tzlich 1 Punkt.<\/p>\n<p>Jede Station z\u00e4hlt nur einmal, es gibt keine Band- oder Betriebsartenbeschr\u00e4nkungen.<\/p>\n<p>&nbsp;<\/p>\n<p>Der Diplomantrag geht mit GCR-Liste oder best\u00e4tigtem Logbuchauszug und der Diplomgeb\u00fchr von 5 Euro an:<\/p>\n<p>Diplommanager:<\/p>\n<p>Johann Held DL8RC, Alois-Riedl-Str. 6a, D-93152 Nittendorf<\/p>\n<p>Ausschreibungsbedingungen zum Download <a title=\"Z-Diplom WordDoc\" href=\"http:\/\/afu.techtalks.de\/?attachment_id=59\"><strong>als DOC<\/strong><\/a>, <strong><a title=\"Z-Diplom PDF\" href=\"http:\/\/afu.techtalks.de\/?attachment_id=60\">als PDF<\/a><\/strong><\/p>\n<p><a href=\"http:\/\/afu.techtalks.de\/wp-content\/uploads\/2012\/06\/postmeister_ausgefuellt.jpg\"><img loading=\"lazy\" decoding=\"async\" title=\"postmeister_ausgefuellt\" alt=\"\" src=\"http:\/\/afu.techtalks.de\/wp-content\/uploads\/2012\/06\/postmeister_ausgefuellt.jpg\" width=\"348\" height=\"500\" \/><\/a><\/p>\n<p>&nbsp;<\/p>\n","protected":false},"excerpt":{"rendered":"<p>Originalausschreibung: Anl\u00e4\u00dflich seines 5-j\u00e4hrigen Bestehens gibt der VFDB-Ortsverband Regensburg\u00a0 &#8211;\u00a0 DOK Z16\u00a0 &#8211;\u00a0 dieses Diplom an alle lizenzierten Funkamateure und SWLs f\u00fcr Kontakte mit VFDB-Mitgliedern nach dem 1. Januar 1983 heraus. Es m\u00fcssen 16 Punkte erreicht werden. Punktewertung: Stationen mit dem DOK Z16 z\u00e4hlen 2 Punkte. Stationen mit anderen Z-DOKs z\u00e4hlen je 1 Punkt. Je [&hellip;]<\/p>\n","protected":false},"author":2,"featured_media":0,"parent":0,"menu_order":0,"comment_status":"open","ping_status":"open","template":"","meta":{"ngg_post_thumbnail":0,"footnotes":""},"class_list":["post-352","page","type-page","status-publish","hentry"],"aioseo_notices":[],"_links":{"self":[{"href":"http:\/\/afu.techtalks.de\/index.php?rest_route=\/wp\/v2\/pages\/352","targetHints":{"allow":["GET"]}}],"collection":[{"href":"http:\/\/afu.techtalks.de\/index.php?rest_route=\/wp\/v2\/pages"}],"about":[{"href":"http:\/\/afu.techtalks.de\/index.php?rest_route=\/wp\/v2\/types\/page"}],"author":[{"embeddable":true,"href":"http:\/\/afu.techtalks.de\/index.php?rest_route=\/wp\/v2\/users\/2"}],"replies":[{"embeddable":true,"href":"http:\/\/afu.techtalks.de\/index.php?rest_route=%2Fwp%2Fv2%2Fcomments&post=352"}],"version-history":[{"count":5,"href":"http:\/\/afu.techtalks.de\/index.php?rest_route=\/wp\/v2\/pages\/352\/revisions"}],"predecessor-version":[{"id":357,"href":"http:\/\/afu.techtalks.de\/index.php?rest_route=\/wp\/v2\/pages\/352\/revisions\/357"}],"wp:attachment":[{"href":"http:\/\/afu.techtalks.de\/index.php?rest_route=%2Fwp%2Fv2%2Fmedia&parent=352"}],"curies":[{"name":"wp","href":"https:\/\/api.w.org\/{rel}","templated":true}]}}